{"id":291,"date":"2020-05-16T08:50:25","date_gmt":"2020-05-16T08:50:25","guid":{"rendered":"https:\/\/benjaminlallement.nogafa.org\/?page_id=291"},"modified":"2020-05-16T08:50:27","modified_gmt":"2020-05-16T08:50:27","slug":"tim-o-connor","status":"publish","type":"page","link":"https:\/\/benjaminlallement.nogafa.org\/index.php\/tim-o-connor\/","title":{"rendered":"Tim O&rsquo; Connor"},"content":{"rendered":"\n<p>J&rsquo;ai jou\u00e9 pendant de nombreuses ann\u00e9es au cot\u00e9 de Tim O&rsquo; Connor, un vrai bonheur car nous partagions ce go\u00fbt pour la cr\u00e9ation, l\u2019\u00e9clectisme et la spontan\u00e9it\u00e9&#8230; Je vous mets en 1er une vid\u00e9o d&rsquo;une improvisation, une chanson que nous n&rsquo;avions jamais r\u00e9p\u00e9t\u00e9e auparavant, qui illustre bien ce qu&rsquo;il y avait de magique lorsque nous explorions la cr\u00e9ation spontan\u00e9e :<\/p>\n\n\n\n<figure class=\"wp-block-embed-youtube wp-block-embed is-type-video is-provider-youtube wp-embed-aspect-16-9 wp-has-aspect-ratio\"><div class=\"wp-block-embed__wrapper\">\n<iframe loading=\"lazy\" title=\"Tim O&#039;Connor (with Benjamin Lallement)\" width=\"780\" height=\"439\" src=\"https:\/\/www.youtube.com\/embed\/Xle7mxVGmVU?feature=oembed\" frameborder=\"0\" allow=\"accelerometer; autoplay; encrypted-media; gyroscope; picture-in-picture\" allowfullscreen><\/iframe>\n<\/div><\/figure>\n\n\n\n<p><em>\u00ab\u00a0Comme pr\u00e9vu, avec sa nouvelle prestation \u00e0 Cultur\u2019caf\u00e9, Tim O\u2019Connor a rassembl\u00e9 samedi soir une foule d\u2019amateurs de blues et folk celtique. La salle \u00e9tait comble, \u00e0 la grande satisfaction des responsables. Tim interpr\u00e8te des classiques mais aussi des compositions personnelles de blues et de folk irlandais.<\/em><\/p>\n\n\n\n<h4 class=\"wp-block-heading\"><em>Trois heures intenses<\/em><\/h4>\n\n\n\n<p><em>Il m\u00eale talent, dynamisme et nostalgie avec une tr\u00e8s forte pr\u00e9sence sur sc\u00e8ne. Guitariste tr\u00e8s exp\u00e9riment\u00e9, il sait cr\u00e9er d\u2019embl\u00e9e une atmosph\u00e8re chaleureuse en dialoguant avec le public, en l\u2019invitant \u00e0 l\u2019accompagner en frappant dans les mains ou en r\u00e9p\u00e9tant un refrain. Ses chansons sont pleines d\u2019\u00e9motions et de po\u00e9sie et, bien vite, des images de landes parsem\u00e9es de bruy\u00e8re battues par les vents d\u00e9filent devant les yeux ferm\u00e9s d\u2019un public conquis.<\/em><\/p>\n\n\n\n<p><em>Le public a profit\u00e9 de trois heures de chants et de musiques celtiques, accompagn\u00e9s de fa\u00e7on magistrale par Benjamin Lallement, violoniste de talent. Des tonnerres d\u2019applaudissements ont ponctu\u00e9 ce concert exceptionnel.\u00a0\u00bb<\/em><\/p>\n\n\n\n<figure class=\"wp-block-embed-youtube wp-block-embed is-type-video is-provider-youtube wp-embed-aspect-16-9 wp-has-aspect-ratio\"><div class=\"wp-block-embed__wrapper\">\n<iframe loading=\"lazy\" title=\"Tim O&#039;Connor band &quot;TV Grenoble&quot;\" width=\"780\" height=\"439\" src=\"https:\/\/www.youtube.com\/embed\/xHKUSQjSFs8?feature=oembed\" frameborder=\"0\" allow=\"accelerometer; autoplay; encrypted-media; gyroscope; picture-in-picture\" allowfullscreen><\/iframe>\n<\/div><\/figure>\n\n\n\n<figure class=\"wp-block-embed-youtube wp-block-embed is-type-video is-provider-youtube wp-embed-aspect-16-9 wp-has-aspect-ratio\"><div class=\"wp-block-embed__wrapper\">\n<iframe loading=\"lazy\" title=\"Tim O&#039;Connor band &quot;TV Grenoble&quot;\" width=\"780\" height=\"439\" src=\"https:\/\/www.youtube.com\/embed\/aKWlHe71OBQ?feature=oembed\" frameborder=\"0\" allow=\"accelerometer; autoplay; encrypted-media; gyroscope; picture-in-picture\" allowfullscreen><\/iframe>\n<\/div><\/figure>\n\n\n\n<figure class=\"wp-block-embed-youtube wp-block-embed is-type-video is-provider-youtube wp-embed-aspect-16-9 wp-has-aspect-ratio\"><div class=\"wp-block-embed__wrapper\">\n<iframe loading=\"lazy\" title=\"Tim O&#039;Connor band (Te\u0301le\u0301 Grenoble)\" width=\"780\" height=\"439\" src=\"https:\/\/www.youtube.com\/embed\/4r0ae_zQNuo?feature=oembed\" frameborder=\"0\" allow=\"accelerometer; autoplay; encrypted-media; gyroscope; picture-in-picture\" allowfullscreen><\/iframe>\n<\/div><\/figure>\n\n\n\n<figure class=\"wp-block-embed-youtube wp-block-embed is-type-video is-provider-youtube wp-embed-aspect-16-9 wp-has-aspect-ratio\"><div class=\"wp-block-embed__wrapper\">\n<iframe loading=\"lazy\" title=\"Tim O&#039;Connor (To the light) www.timoconnor.co.uk\" width=\"780\" height=\"439\" src=\"https:\/\/www.youtube.com\/embed\/d-c5jDNf5yw?feature=oembed\" frameborder=\"0\" allow=\"accelerometer; autoplay; encrypted-media; gyroscope; picture-in-picture\" allowfullscreen><\/iframe>\n<\/div><\/figure>\n\n\n\n<figure class=\"wp-block-embed-youtube wp-block-embed is-type-video is-provider-youtube wp-embed-aspect-16-9 wp-has-aspect-ratio\"><div class=\"wp-block-embed__wrapper\">\n<iframe loading=\"lazy\" title=\"Tim O&#039;Connor Band &quot;Te\u0301le\u0301Grenoble&quot;\" width=\"780\" height=\"439\" src=\"https:\/\/www.youtube.com\/embed\/CqRxuqO3SF4?feature=oembed\" frameborder=\"0\" allow=\"accelerometer; autoplay; encrypted-media; gyroscope; picture-in-picture\" allowfullscreen><\/iframe>\n<\/div><\/figure>\n\n\n\n<figure class=\"wp-block-embed-youtube wp-block-embed is-type-video is-provider-youtube wp-embed-aspect-16-9 wp-has-aspect-ratio\"><div class=\"wp-block-embed__wrapper\">\n<iframe loading=\"lazy\" title=\"Festival #Meythet la Musique Tim O&#039;Connor\" width=\"780\" height=\"439\" src=\"https:\/\/www.youtube.com\/embed\/cukeQeVgpf8?feature=oembed\" frameborder=\"0\" allow=\"accelerometer; autoplay; encrypted-media; gyroscope; picture-in-picture\" allowfullscreen><\/iframe>\n<\/div><\/figure>\n\n\n\n<figure class=\"wp-block-embed-youtube wp-block-embed is-type-video is-provider-youtube wp-embed-aspect-16-9 wp-has-aspect-ratio\"><div class=\"wp-block-embed__wrapper\">\n<iframe loading=\"lazy\" title=\"Tim O&#039;Connor (The Lizard)\" width=\"780\" height=\"439\" src=\"https:\/\/www.youtube.com\/embed\/UCSR4XkKCkc?feature=oembed\" frameborder=\"0\" allow=\"accelerometer; autoplay; encrypted-media; gyroscope; picture-in-picture\" allowfullscreen><\/iframe>\n<\/div><\/figure>\n\n\n\n<p><\/p>\n","protected":false},"excerpt":{"rendered":"<p>J&rsquo;ai jou\u00e9 pendant de nombreuses ann\u00e9es au cot\u00e9 de Tim O&rsquo; Connor, un vrai bonheur car nous partagions ce go\u00fbt pour la cr\u00e9ation, l\u2019\u00e9clectisme et la spontan\u00e9it\u00e9&#8230; Je vous mets en 1er une vid\u00e9o d&rsquo;une improvisation, une chanson que nous n&rsquo;avions jamais r\u00e9p\u00e9t\u00e9e auparavant, qui illustre bien ce qu&rsquo;il y avait de magique lorsque nous <a class=\"more-link\" href=\"https:\/\/benjaminlallement.nogafa.org\/index.php\/tim-o-connor\/\">Lire plus &#8230;<\/a><\/p>\n","protected":false},"author":1,"featured_media":0,"parent":0,"menu_order":0,"comment_status":"closed","ping_status":"closed","template":"","meta":{"footnotes":""},"_links":{"self":[{"href":"https:\/\/benjaminlallement.nogafa.org\/index.php\/wp-json\/wp\/v2\/pages\/291"}],"collection":[{"href":"https:\/\/benjaminlallement.nogafa.org\/index.php\/wp-json\/wp\/v2\/pages"}],"about":[{"href":"https:\/\/benjaminlallement.nogafa.org\/index.php\/wp-json\/wp\/v2\/types\/page"}],"author":[{"embeddable":true,"href":"https:\/\/benjaminlallement.nogafa.org\/index.php\/wp-json\/wp\/v2\/users\/1"}],"replies":[{"embeddable":true,"href":"https:\/\/benjaminlallement.nogafa.org\/index.php\/wp-json\/wp\/v2\/comments?post=291"}],"version-history":[{"count":1,"href":"https:\/\/benjaminlallement.nogafa.org\/index.php\/wp-json\/wp\/v2\/pages\/291\/revisions"}],"predecessor-version":[{"id":292,"href":"https:\/\/benjaminlallement.nogafa.org\/index.php\/wp-json\/wp\/v2\/pages\/291\/revisions\/292"}],"wp:attachment":[{"href":"https:\/\/benjaminlallement.nogafa.org\/index.php\/wp-json\/wp\/v2\/media?parent=291"}],"curies":[{"name":"wp","href":"https:\/\/api.w.org\/{rel}","templated":true}]}}

<p>J&rsquo;ai joué pendant de nombreuses années au coté de Tim O&rsquo; Connor, un vrai bonheur car nous partagions ce goût pour la création, l’éclectisme et la spontanéité&#8230; Je vous mets en 1er une vidéo d&rsquo;une improvisation, une chanson que nous n&rsquo;avions jamais répétée auparavant, qui illustre bien ce qu&rsquo;il y avait de magique lorsque nous explorions la création spontanée :</p>



<figure class="wp-block-embed-youtube wp-block-embed is-type-video is-provider-youtube wp-embed-aspect-16-9 wp-has-aspect-ratio"><div class="wp-block-embed__wrapper">
<iframe loading="lazy" title="Tim O&#039;Connor (with Benjamin Lallement)" width="780" height="439" src="https://www.youtube.com/embed/Xle7mxVGmVU?feature=oembed" frameborder="0" allow="accelerometer; autoplay; encrypted-media; gyroscope; picture-in-picture" allowfullscreen></iframe>
</div></figure>



<p><em>« Comme prévu, avec sa nouvelle prestation à Cultur’café, Tim O’Connor a rassemblé samedi soir une foule d’amateurs de blues et folk celtique. La salle était comble, à la grande satisfaction des responsables. Tim interprète des classiques mais aussi des compositions personnelles de blues et de folk irlandais.</em></p>



<h4 class="wp-block-heading"><em>Trois heures intenses</em></h4>



<p><em>Il mêle talent, dynamisme et nostalgie avec une très forte présence sur scène. Guitariste très expérimenté, il sait créer d’emblée une atmosphère chaleureuse en dialoguant avec le public, en l’invitant à l’accompagner en frappant dans les mains ou en répétant un refrain. Ses chansons sont pleines d’émotions et de poésie et, bien vite, des images de landes parsemées de bruyère battues par les vents défilent devant les yeux fermés d’un public conquis.</em></p>



<p><em>Le public a profité de trois heures de chants et de musiques celtiques, accompagnés de façon magistrale par Benjamin Lallement, violoniste de talent. Des tonnerres d’applaudissements ont ponctué ce concert exceptionnel. »</em></p>



<figure class="wp-block-embed-youtube wp-block-embed is-type-video is-provider-youtube wp-embed-aspect-16-9 wp-has-aspect-ratio"><div class="wp-block-embed__wrapper">
<iframe loading="lazy" title="Tim O&#039;Connor band &quot;TV Grenoble&quot;" width="780" height="439" src="https://www.youtube.com/embed/xHKUSQjSFs8?feature=oembed" frameborder="0" allow="accelerometer; autoplay; encrypted-media; gyroscope; picture-in-picture" allowfullscreen></iframe>
</div></figure>



<figure class="wp-block-embed-youtube wp-block-embed is-type-video is-provider-youtube wp-embed-aspect-16-9 wp-has-aspect-ratio"><div class="wp-block-embed__wrapper">
<iframe loading="lazy" title="Tim O&#039;Connor band &quot;TV Grenoble&quot;" width="780" height="439" src="https://www.youtube.com/embed/aKWlHe71OBQ?feature=oembed" frameborder="0" allow="accelerometer; autoplay; encrypted-media; gyroscope; picture-in-picture" allowfullscreen></iframe>
</div></figure>



<figure class="wp-block-embed-youtube wp-block-embed is-type-video is-provider-youtube wp-embed-aspect-16-9 wp-has-aspect-ratio"><div class="wp-block-embed__wrapper">
<iframe loading="lazy" title="Tim O&#039;Connor band (Télé Grenoble)" width="780" height="439" src="https://www.youtube.com/embed/4r0ae_zQNuo?feature=oembed" frameborder="0" allow="accelerometer; autoplay; encrypted-media; gyroscope; picture-in-picture" allowfullscreen></iframe>
</div></figure>



<figure class="wp-block-embed-youtube wp-block-embed is-type-video is-provider-youtube wp-embed-aspect-16-9 wp-has-aspect-ratio"><div class="wp-block-embed__wrapper">
<iframe loading="lazy" title="Tim O&#039;Connor (To the light) www.timoconnor.co.uk" width="780" height="439" src="https://www.youtube.com/embed/d-c5jDNf5yw?feature=oembed" frameborder="0" allow="accelerometer; autoplay; encrypted-media; gyroscope; picture-in-picture" allowfullscreen></iframe>
</div></figure>



<figure class="wp-block-embed-youtube wp-block-embed is-type-video is-provider-youtube wp-embed-aspect-16-9 wp-has-aspect-ratio"><div class="wp-block-embed__wrapper">
<iframe loading="lazy" title="Tim O&#039;Connor Band &quot;TéléGrenoble&quot;" width="780" height="439" src="https://www.youtube.com/embed/CqRxuqO3SF4?feature=oembed" frameborder="0" allow="accelerometer; autoplay; encrypted-media; gyroscope; picture-in-picture" allowfullscreen></iframe>
</div></figure>



<figure class="wp-block-embed-youtube wp-block-embed is-type-video is-provider-youtube wp-embed-aspect-16-9 wp-has-aspect-ratio"><div class="wp-block-embed__wrapper">
<iframe loading="lazy" title="Festival #Meythet la Musique Tim O&#039;Connor" width="780" height="439" src="https://www.youtube.com/embed/cukeQeVgpf8?feature=oembed" frameborder="0" allow="accelerometer; autoplay; encrypted-media; gyroscope; picture-in-picture" allowfullscreen></iframe>
</div></figure>



<figure class="wp-block-embed-youtube wp-block-embed is-type-video is-provider-youtube wp-embed-aspect-16-9 wp-has-aspect-ratio"><div class="wp-block-embed__wrapper">
<iframe loading="lazy" title="Tim O&#039;Connor (The Lizard)" width="780" height="439" src="https://www.youtube.com/embed/UCSR4XkKCkc?feature=oembed" frameborder="0" allow="accelerometer; autoplay; encrypted-media; gyroscope; picture-in-picture" allowfullscreen></iframe>
</div></figure>



<p></p>

<p>J&rsquo;ai joué pendant de nombreuses années au coté de Tim O&rsquo; Connor, un vrai bonheur car nous partagions ce goût pour la création, l’éclectisme et la spontanéité&#8230; Je vous mets en 1er une vidéo d&rsquo;une improvisation, une chanson que nous n&rsquo;avions jamais répétée auparavant, qui illustre bien ce qu&rsquo;il y avait de magique lorsque nous <a class="more-link" href="https://benjaminlallement.nogafa.org/index.php/tim-o-connor/">Lire plus &#8230;</a></p>
