{"id":2,"date":"2020-03-31T15:22:30","date_gmt":"2020-03-31T15:22:30","guid":{"rendered":"https:\/\/benjaminlallement.nogafa.org\/?page_id=2"},"modified":"2020-08-15T12:47:58","modified_gmt":"2020-08-15T12:47:58","slug":"sample-page","status":"publish","type":"page","link":"https:\/\/benjaminlallement.nogafa.org\/index.php\/sample-page\/","title":{"rendered":"Bal de poche"},"content":{"rendered":"\n<p>Envie de d\u00e9couvrir ou de faire d\u00e9couvrir les musiques et les danses de bal folk ?<\/p>\n\n\n\n<p><strong>Deux musiciens, une prof de danse<\/strong> pour montrer les pas, et le bal s&rsquo;invite partout pour faire danser n\u00e9ophytes et amateurs sur ses <strong>musiques traditionnelles <\/strong>: An dros, mazurkas, cercles circassiens, bourr\u00e9es, scottishs&#8230;<\/p>\n\n\n\n<p class=\"has-medium-font-size\"><strong>Bonne ambiance assur\u00e9e !  <\/strong><\/p>\n\n\n\n<p class=\"has-text-align-center has-medium-font-size\">Pour conna\u00eetre les conditions d&rsquo;accueil financi\u00e8res et techniques :<\/p>\n\n\n\n<p class=\"has-text-align-center has-large-font-size\"><a href=\"https:\/\/benjaminlallement.nogafa.org\/index.php\/contact-pro\/\"><strong>cliquez ici \ud83d\ude09<\/strong><\/a><\/p>\n","protected":false},"excerpt":{"rendered":"<p>Envie de d\u00e9couvrir ou de faire d\u00e9couvrir les musiques et les danses de bal folk ? Deux musiciens, une prof de danse pour montrer les pas, et le bal s&rsquo;invite partout pour faire danser n\u00e9ophytes et amateurs sur ses musiques traditionnelles : An dros, mazurkas, cercles circassiens, bourr\u00e9es, scottishs&#8230; Bonne ambiance assur\u00e9e ! Pour conna\u00eetre <a class=\"more-link\" href=\"https:\/\/benjaminlallement.nogafa.org\/index.php\/sample-page\/\">Lire plus &#8230;<\/a><\/p>\n","protected":false},"author":1,"featured_media":104,"parent":0,"menu_order":0,"comment_status":"closed","ping_status":"open","template":"","meta":{"footnotes":""},"_links":{"self":[{"href":"https:\/\/benjaminlallement.nogafa.org\/index.php\/wp-json\/wp\/v2\/pages\/2"}],"collection":[{"href":"https:\/\/benjaminlallement.nogafa.org\/index.php\/wp-json\/wp\/v2\/pages"}],"about":[{"href":"https:\/\/benjaminlallement.nogafa.org\/index.php\/wp-json\/wp\/v2\/types\/page"}],"author":[{"embeddable":true,"href":"https:\/\/benjaminlallement.nogafa.org\/index.php\/wp-json\/wp\/v2\/users\/1"}],"replies":[{"embeddable":true,"href":"https:\/\/benjaminlallement.nogafa.org\/index.php\/wp-json\/wp\/v2\/comments?post=2"}],"version-history":[{"count":9,"href":"https:\/\/benjaminlallement.nogafa.org\/index.php\/wp-json\/wp\/v2\/pages\/2\/revisions"}],"predecessor-version":[{"id":357,"href":"https:\/\/benjaminlallement.nogafa.org\/index.php\/wp-json\/wp\/v2\/pages\/2\/revisions\/357"}],"wp:featuredmedia":[{"embeddable":true,"href":"https:\/\/benjaminlallement.nogafa.org\/index.php\/wp-json\/wp\/v2\/media\/104"}],"wp:attachment":[{"href":"https:\/\/benjaminlallement.nogafa.org\/index.php\/wp-json\/wp\/v2\/media?parent=2"}],"curies":[{"name":"wp","href":"https:\/\/api.w.org\/{rel}","templated":true}]}}